 - 1. Determine x(1).
16
Let o(l) = -2*l**3 - l**2 + 3*l + 2. What is o(-2)?
8
Let m(a) = -a**2 - 12*a + 8. Give m(-12).
8
Let i(o) = -2*o**2 + 29*o - 63. Give i(12).
-3
Let f(b) = b**3 - 18*b**2 - 23. Calculate f(18).
-23
Let d(f) = -4*f + 213. Determine d(52).
5
Let n(i) = -i**2 + 2*i - 7. What is n(0)?
-7
Let v(w) = w**3 + 10*w**2 + 2*w + 13. Determine v(-10).
-7
Let w(t) = -t**2 - 5*t - 6. What is w(-7)?
-20
Let n(d) = 2*d**2 - 3*d - 3. What is n(3)?
6
Let q(m) = -16*m + 32. What is q(2)?
0
Let p(x) = -2*x**2 - 3*x - 2. Determine p(-2).
-4
Let q(r) = -r - 4. Give q(-4).
0
Let d(u) = -48*u + 5. What is d(-2)?
101
Let q(w) = w**2 - 19*w + 7. Give q(21).
49
Let j(d) = d**2 + 2*d - 2. Give j(6).
46
Let y(r) = 4*r + 22. Calculate y(-10).
-18
Let l(o) = o - 27. What is l(15)?
-12
Let l(g) = g**2 - 15*g + 48. Determine l(12).
12
Let v(h) = 2*h**3 - 3*h**2 + 6*h - 9. Determine v(4).
95
Let q(m) = -2*m**3 - 8*m**2 + 3*m - 7. What is q(-4)?
-19
Let q(g) = g**2 + 16*g + 24. Calculate q(-8).
-40
Let i(c) = -2*c**2 + 12*c + 79. Give i(10).
-1
Let b(t) = t**3 + 17*t**2 - 16*t + 25. Give b(-18).
-11
Let r(o) = -o**2 + 9*o - 4. Calculate r(7).
10
Let c(g) = g**3 - 2*g**2 - 14. What is c(5)?
61
Let v(j) = 2*j**2 + j - 32. What is v(4)?
4
Let i(s) = s**3 - s**2 - s + 2. Calculate i(0).
2
Let a(y) = -4*y - 17. Give a(8).
-49
Let f(h) = -8*h - 91. Calculate f(-11).
-3
Let z(o) = -o**2 + 2*o + 14. What is z(0)?
14
Let u(f) = -2*f - 32. Give u(-7).
-18
Let w(c) = -5*c**2 + 8*c. Calculate w(3).
-21
Let k(n) = n + 17. What is k(-14)?
3
Let f(k) = 3*k + 3. What is f(-11)?
-30
Let o(d) = -15*d + 116. Determine o(8).
-4
Let l(v) = v**3 + 8*v**2 + 8*v + 8. Give l(-7).
1
Let f(s) = s + 13. Calculate f(-15).
-2
Let h(y) = -2*y. Calculate h(3).
-6
Let p(d) = d**2 + 18*d - 15. Calculate p(-18).
-15
Let m(w) = -25*w - 374. Give m(-15).
1
Let b(y) = -y**3 + 17*y**2 + 3*y - 47. Calculate b(17).
4
Let v(p) = -p**3 - 27*p**2 - p - 31. Calculate v(-27).
-4
Let v(z) = -z + 24. Determine v(15).
9
Let q(m) = -m**3 - 5*m**2 + 5*m + 12. Calculate q(-5).
-13
Let p(g) = g**2 + 42*g + 236. What is p(-7)?
-9
Let n(s) = 121*s - 972. Calculate n(8).
-4
Let d(v) = 2*v**3 + 5*v**2 - 6*v - 15. Determine d(2).
9
Let y(o) = 80*o + 3. Give y(-1).
-77
Let d(w) = -w**3 + 4*w**2 - 4*w - 1. Determine d(2).
-1
Let c(h) = h**3 + 2*h**2 + 5. Calculate c(-4).
-27
Let m(y) = y**3 + 8*y**2 - 31*y + 12. Give m(-11).
-10
Let p(i) = 2*i**3 - 7*i + 5. Calculate p(2).
7
Let u(j) = -j**2 + 9*j - 22. Calculate u(4).
-2
Let x(m) = -m**2 - 5*m - 1. Give x(-4).
3
Let a(l) = l**2 + 25*l - 232. What is a(-32)?
-8
Let u(g) = 3*g**2 - 36*g + 11. Calculate u(12).
11
Let r(u) = u**2 - 4*u + 4. What is r(2)?
0
Let v(b) = b**3 + 25*b**2 - 55*b - 19. What is v(-27)?
8
Let r(g) = -3*g - 33. Calculate r(-10).
-3
Let m(z) = 2*z**2 + 3*z + 3. Give m(-2).
5
Let u(b) = b**2 + 1. What is u(0)?
1
Let f(o) = o**3 + 12*o**2 + 11*o - 15. What is f(-11)?
-15
Let v(s) = -2*s + 64. Determine v(0).
64
Let z(i) = i**3 + 11*i**2 - 4*i - 10. Calculate z(-10).
130
Let j(i) = -i**2 + 2*i + 4. Calculate j(3).
1
Let h(k) = -k**3 - 12*k**2 - 14*k - 12. What is h(-11)?
21
Let t(u) = -u**2 - 3*u. Give t(-3).
0
Let b(t) = t**3 - 6*t**2 - 9*t - 3. Determine b(7).
-17
Let u(i) = -4*i - 54. Determine u(-16).
10
Let f(i) = -4*i**2 - 20*i + 10. Determine f(-6).
-14
Let p(f) = -2*f + 8. What is p(-9)?
26
Let f(v) = -26*v**3 - v. What is f(1)?
-27
Let y(d) = -d**3 + 5*d**2 + 17*d + 22. Determine y(9).
-149
Let u(j) = -j**3 + 6*j**2 - 5. What is u(6)?
-5
Let s(l) = -l**3 - 17*l**2 + 2*l + 14. Give s(-17).
-20
Let y(w) = 162*w**2. Calculate y(-1).
162
Let n(u) = 4*u + 19. Determine n(-6).
-5
Let z(a) = -a**3 + 4*a**2 - 2*a - 3. Calculate z(3).
0
Let z(n) = 29*n - 326. Determine z(11).
-7
Let z(h) = h - 11. What is z(4)?
-7
Let d(a) = -a**2 - 13*a - 22. Determine d(-16).
-70
Let u(h) = -h - 15. Calculate u(0).
-15
Let x(s) = 7*s - 38. What is x(7)?
11
Let f(r) = 8*r + 19. Calculate f(-9).
-53
Let g(z) = z**3 + 5*z**2 - 15*z - 1. Determine g(-7).
6
Let q(o) = 21*o**3 + 2*o**2 - 2*o + 1. Give q(1).
22
Let w(h) = -2*h**3 + 9*h**2 - 7*h + 6. What is w(4)?
-6
Let i(u) = 6*u**2 + 2*u. Calculate i(-2).
20
Let y(d) = 3*d + 141. Give y(-51).
-12
Let r(n) = n**3 - 5*n**2 - 3. Determine r(5).
-3
Let a(r) = 3*r**3 - 39*r**2. Calculate a(13).
0
Let a(i) = -8*i - 1. Give a(4).
-33
Let z(m) = m**2 - 7*m + 32. What is z(8)?
40
Let u(w) = 6*w - 1. Give u(1).
5
Let o(n) = n**2 + 13*n + 10. What is o(-18)?
100
Let l(y) = -3*y - 43. Determine l(-13).
-4
Let w(q) = q**2 + 16*q + 29. Calculate w(-14).
1
Let m(q) = -q**3 + q**2 - q - 20. What is m(0)?
-20
Let p(g) = -g**2 - 20*g + 4. Calculate p(-16).
68
Let r(z) = -z**2 - 7*z - 3. Determine r(-4).
9
Let w(u) = -u - 10. Calculate w(-7).
-3
Let g(c) = -c**2 - 5*c + 22. Determine g(7).
-62
Let b(j) = -2*j + 12. What is b(-9)?
30
Let o(v) = -2*v**3 + 5*v**2 - 6*v + 3. Give o(3).
-24
Let g(c) = c**3 + 6*c**2 - 4*c - 9. Calculate g(-6).
15
Let k(i) = -17*i + 798. What is k(47)?
-1
Let o(r) = -2*r**2 + 1. What is o(4)?
-31
Let u(w) = -w**2 + 5*w + 3. What is u(-5)?
-47
Let y(r) = r**2 - 5*r - 22. Determine y(0).
-22
Let r(s) = 4*s - 7. Give r(-6).
-31
Let b(h) = -26*h - 23. Determine b(-5).
107
Let a(p) = -2*p - 1. What is a(10)?
-21
Let v(p) = -p**2 - 4*p - 5. Calculate v(-4).
-5
Let p(a) = 15*a + 1. Give p(1).
16
Let l(z) = -z**2 - 4*z + 7. Give l(3).
-14
Let m(a) = -3*a + 12. Calculate m(10).
-18
Let g(k) = 3*k + 16. What is g(-8)?
-8
Let o(d) = -d**3 + 13*d**2 - 10*d - 16. Determine o(12).
8
Let u(q) = 2*q**2 + 20*q + 20. Calculate u(-1).
2
Let d(j) = j**3 - 5*j**2 - 12*j + 5. Give d(7).
19
Let a(f) = -f**2 - 6*f + 7. Calculate a(6).
-65
Let g(p) = -7*p**2 - 8*p + 2. Calculate g(-2).
-10
Let h(l) = -l**2 + 12*l + 16. Calculate h(13).
3
Let l(i) = i**3 - 7*i**2 - 2*i - 5. Calculate l(7).
-19
Let l(n) = 5*n**2 - 4*n + 3. Calculate l(1).
4
Let w(q) = 39*q**2 - 35*q + 1. Calculate w(1).
5
Let c(y) = -y**3 + 11*y**2 - 17*y + 4. Give c(6).
82
Let x(m) = m**2 + 13*m + 3. Calculate x(-13).
3
Let z(q) = -q**2 - 13*q - 21. Determine z(-12).
-9
Let w(h) = -h**3 - 9*h**2 - h - 2. Give w(-4).
-78
Let u(o) = o. What is u(-10)?
-10
Let h(j) = j**3 - 17*j**2 - 16*j - 26. Give h(18).
10
Let n(h) = -h**2 - 6*h + 68. What is n(-12)?
-4
Let y(o) = 15*o**2 + 3*o - 4. Give y(2).
62
Let z(c) = 4*c**3 - c**2 - 7*c + 3. What is z(3)?
81
Let t(c) = 3*c + 51. Calculate t(-4).
39
Let f(o) = 3*o**2 + 14*o + 2. What is f(-4)?
-6
Let x(c) = -16*c + 5. Determine x(-15).
245
Let z(q) = 3*q - 84. Calculate z(8).
-60
Let c(f) = -f**2 - 10*f - 2. Determine c(-6).
22
Let t(r) = 9*r + 132. Calculate t(-15).
-3
Let r(a) = -2*a**2 + 4*a + 64. Calculate r(-7).
-62
Let h(p) = -2*p + 1. Calculate h(-2).
5
Let x(f) = f**3 - 10*f**2 + 11. What is x(10)?
11
Let k(v) = v**3 + 13*v**2 + 32*v + 3. Calculate k(-9).
39
Let z(s) = 2*s - 4. Give z(1).
-2
Let y(g) = -2*g**2 - 38*g + 19. Give y(-17).
87
Let l(o) = o**2 - 35. Determine l(0).
-35
Let a(d) = -d**3 + 4*d**2 + 27. Calculate a(5).
2
Let g(p) = 2*p**3 + 8*p**2 - 3*p. Determine g(-4).
12
Let y(s) = s**3 - 4*s**2 + 2*s - 5. What is y(5)?
30
Let v(l) = -3*l + 10. Calculate v(0).
10
Let w(z) = -z**3 - 3*z**2 + 2*z. What is w(-3)?
-6
Let t(m) = 3*m**2 + 2*m - 2. Calculate t(2).
14
Let t(l) = -4*l - 2. Calculate t(0).
-2
Let w(y) = y**3 - y**2 - 4. Calculate w(3).
14
Let j(o) = -2*o + 13. What is j(10)?
-7
Let n(i) = -i**2 + 4*i + 101. Give n(-8).
5
Let j(u) = 8*u + 65. Determine j(-9).
-7
Let h(b) = b**3 + 39*b**2 - 39*b + 40. Determine h(-40).
0
Let l(b) = -35*b - 627. Determine l(-18).
3
Let q(j) = -j**3 - 10*j**2 + 2*j + 7. What is q(-10)?
-13
Let a(c) = 5*c**2 + 28*c + 2. Determine a(-6).
14
Let l(b) = -b**3 - 6*b**2 - 11*b - 6. Give l(-5).
24
Let i(j) = 22*j + 32. Give i(-1).
10
Let b(o) = o**3 - 31*o**2 + 28*o + 51. Give b(30).
-9
Let m(t) = -5*t - 16. Give m(-6).
14
Let s(w) = -w**2 + 3*w + 30. Give s(7).
2
Let s(l) = -l**2 - 9*l + 11. Calculate s(-8).
19
Let a(v) = -v**3 - 16*v**2 - 14*v + 10. Give a(-15).
-5
Let b(q) = q**3 - q**2 + q - 11. Determine b(0).
-11
Let k(r) = r**2 + 7*r + 4. Give k(-11).
48
Let y(i) = -i**3 - 8*i**2 - 6*i + 10. Calculate y(-7).
3
Let x(k) = -40*k + 42. What is x(1)?
2
Let r(g) = g**3 - 70